{"id":435,"date":"2022-10-06T11:05:39","date_gmt":"2022-10-06T11:05:39","guid":{"rendered":"https:\/\/www.kadindostumarkalar.org\/yazilar\/kariyer-basamaklari\/borusan-grubu-bunyesindeki-lojistikte-yeni-atama"},"modified":"2022-10-06T11:06:18","modified_gmt":"2022-10-06T11:06:18","slug":"borusan-grubu-bunyesindeki-lojistikte-yeni-atama","status":"publish","type":"page","link":"","title":{"rendered":"BORUSAN GRUBU B\u00dcNYES\u0130NDEK\u0130 LOJ\u0130ST\u0130K’TE YEN\u0130 ATAMA"},"content":{"rendered":"Borusan Grubu  b\u00fcnyesindeki firmalardan olan Borusan Lojistik ’te yeni bir atama ger\u00e7ekle\u015fti.&nbsp;Uluslararas\u0131 Ta\u015f\u0131mac\u0131l\u0131k&nbsp;Genel M\u00fcd\u00fcr Yard\u0131mc\u0131l\u0131\u011f\u0131 &nbsp;pozisyonuna&nbsp;Esen \u00d6z Tekayak&nbsp; getirildi.&nbsp;Firma b\u00fcnyesinde \u00e7e\u015fitli rollerde g\u00f6rev alan&nbsp;\u00d6z Tekayak, yeni pozisyonunda yurt d\u0131\u015f\u0131 karayolu, demiryolu, havayolu ve denizyolu ta\u015f\u0131mac\u0131l\u0131k hizmetlerinden sorumlu olacak. \u00d6z Tekayak, Dokuz Eyl\u00fcl \u00dcniversitesi ’nden mezun olduktan sonra&nbsp;Executive MBA  program\u0131n\u0131 tamamlad\u0131.&nbsp;Sekt\u00f6re 1998 y\u0131l\u0131nda giri\u015f yapan&nbsp;\u00d6z Tekayak, 2000 y\u0131l\u0131nda Borusan Lojistik’te Uzman  olarak ba\u015flad\u0131\u011f\u0131 kariyerinde farkl\u0131 g\u00f6revlerde \u00e7al\u0131\u015ft\u0131.&nbsp;\u00d6z Tekayak, firmada 2020 y\u0131l\u0131ndan bu yana da&nbsp;havayolu ve denizyolu ta\u015f\u0131mac\u0131l\u0131\u011f\u0131ndan sorumlu Genel M\u00fcd\u00fcr Yard\u0131mc\u0131l\u0131\u011f\u0131  g\u00f6revine devam ediyordu. Daha \u00f6nce&nbsp;Borusan Lojistik b\u00fcnyesinde uluslararas\u0131 hizmet birimlerinden, operasyon ve sat\u0131\u015f alanlar\u0131nda farkl\u0131 g\u00f6revler alan&nbsp;Esen \u00d6z Tekayak, bu y\u0131l\u0131n temmuz ay\u0131ndan itibaren&nbsp;Uluslararas\u0131 Ta\u015f\u0131mac\u0131l\u0131k Genel M\u00fcd\u00fcr Yard\u0131mc\u0131l\u0131\u011f\u0131 pozisyonuna atand\u0131. ","protected":false},"author":1,"featured_media":0,"parent":435,"menu_order":0,"comment_status":"open","ping_status":"closed","template":"","meta":{"_links_to":"https:\/\/www.kadindostumarkalar.org\/yazilar\/kariyer-basamaklari\/borusan-grubu-bunyesindeki-lojistikte-yeni-atama","_links_to_target":"https:\/\/www.kadindostumarkalar.org\/yazilar\/kariyer-basamaklari\/borusan-grubu-bunyesindeki-lojistikte-yeni-atama"},"_links":{"self":[{"href":"https:\/\/www.kadindostumarkalar.org\/yazilar\/kariyer-basamaklari\/borusan-grubu-bunyesindeki-lojistikte-yeni-atama"}],"collection":[{"href":"urlver"}],"about":[{"href":""}],"author":[{"embeddable":true,"href":"https:\/\/www.kadindostumarkalar.org\/yazilar\/kariyer-basamaklari\/borusan-grubu-bunyesindeki-lojistikte-yeni-atama"}],"replies":[{"embeddable":true,"href":"https:\/\/www.kadindostumarkalar.org\/yazilar\/kariyer-basamaklari\/borusan-grubu-bunyesindeki-lojistikte-yeni-atama"}],"version-history":[{"count":998,"href":"https:\/\/www.kadindostumarkalar.org\/yazilar\/kariyer-basamaklari\/borusan-grubu-bunyesindeki-lojistikte-yeni-atama"}],"predecessor-version":[{"id":435,"href":"https:\/\/www.kadindostumarkalar.org\/yazilar\/kariyer-basamaklari\/borusan-grubu-bunyesindeki-lojistikte-yeni-atama"}],"up":[{"embeddable":true,"href":"https:\/\/www.kadindostumarkalar.org\/yazilar\/kariyer-basamaklari\/borusan-grubu-bunyesindeki-lojistikte-yeni-atama"}],"wp:attachment":[{"href":"https:\/\/www.kadindostumarkalar.org\/img\/blog\/borusan-grubu-bunyesindeki-lojistikte-yeni-atama-0-42713.jpg"}],"curies":[{"name":".Net","href":"https:\/\/api.w.org\/{rel}","templated":true}]}}

BORUSAN GRUBU BÜNYESİNDEKİ LOJİSTİK’TE YENİ ATAMA

Borusan Grubu  bünyesindeki firmalardan olan Borusan Lojistik ’te yeni bir atama gerçekleşti.&nbsp;Uluslararası Taşımacılık&nbsp;Genel Müdür Yardımcılığı &nbsp;pozisyonuna&nbsp;Esen Öz Tekayak&nbsp; getirildi.&nbsp;Firma bünyesinde çeşitli rollerde görev alan&nbsp;Öz Tekayak, yeni pozisyonunda yurt dışı karayolu, demiryolu, havayolu ve denizyolu taşımacılık hizmetlerinden sorumlu olacak. Öz Tekayak, Dokuz Eylül Üniversitesi ’nden mezun olduktan sonra&nbsp;Executive MBA  programını tamamladı.&nbsp;Sektöre 1998 yılında giriş yapan&nbsp;Öz Tekayak, 2000 yılında Borusan Lojistik’te Uzman  olarak başladığı kariyerinde farklı görevlerde çalıştı.&nbsp;Öz Tekayak, firmada 2020 yılından bu yana da&nbsp;havayolu ve denizyolu taşımacılığından sorumlu Genel Müdür Yardımcılığı  görevine devam ediyordu. Daha önce&nbsp;Borusan Lojistik bünyesinde uluslararası hizmet birimlerinden, operasyon ve satış alanlarında farklı görevler alan&nbsp;Esen Öz Tekayak, bu yılın temmuz ayından itibaren&nbsp;Uluslararası Taşımacılık Genel Müdür Yardımcılığı pozisyonuna atandı.
