{"id":150,"date":"2022-03-15T00:00:00","date_gmt":"2022-03-15T00:00:00","guid":{"rendered":"https:\/\/www.kadindostumarkalar.org\/yazilar\/tekstil\/lc-waikikiden-esitsizlik-koleksiyonu"},"modified":"2022-12-09T14:38:46","modified_gmt":"2022-12-09T14:38:46","slug":"lc-waikikiden-esitsizlik-koleksiyonu","status":"publish","type":"page","link":"","title":{"rendered":"LC WAIKIKI’DEN “E\u015e\u0130TS\u0130ZL\u0130K KOLEKS\u0130YONU”"},"content":{"rendered":"T\u00fcrkiye’nin kad\u0131n dostu \u015firketler s\u0131ralamas\u0131n\u0131n \u00f6n s\u0131ralar\u0131nda yer alan markalardan LC Waikiki, 8 Mart D\u00fcnya Kad\u0131nlar G\u00fcn\u00fc’nde kad\u0131nlar\u0131n i\u015f hayat\u0131nda ya\u015fad\u0131\u011f\u0131 f\u0131rsat e\u015fitsizliklerine dikkat \u00e7ekmek amac\u0131yla, ‘E\u015fitsizlik Koleksiyonu’nu haz\u0131rlad\u0131.&nbsp; \u0130\u015f hayat\u0131ndaki ve y\u00f6netim kademesindeki kad\u0131n oran\u0131 gibi verileri tasar\u0131mlar\u0131na ta\u015f\u0131yan LC Waikiki, #Tarz\u0131m\u0131zE\u015fitlik diyor.  Faaliyet g\u00f6sterdi\u011fi 53 \u00fclkede“f\u0131rsat e\u015fitli\u011fi ” ilkesiyle hareket eden ve %59 kad\u0131n \u00e7al\u0131\u015fan,  %44 kad\u0131n y\u00f6netici  oran\u0131na sahipLC Waikiki , kad\u0131nlar\u0131n i\u015f d\u00fcnyas\u0131nda kar\u015f\u0131lar\u0131na \u00e7\u0131kan e\u015fitsizliklere dikkat \u00e7ekmek i\u00e7in bir koleksiyon haz\u0131rlad\u0131. T\u00fcrkiye’de toplam n\u00fcfusun yar\u0131s\u0131 kad\u0131nlardan olu\u015furken, yap\u0131lan ara\u015ft\u0131rmalar sonucunda, kad\u0131nlar\u0131n i\u015f g\u00fcc\u00fcne kat\u0131l\u0131m oran\u0131n\u0131n sadece %34, kad\u0131n y\u00f6netici  oran\u0131n ise ne yaz\u0131k ki %18 oldu\u011fu g\u00f6r\u00fclmekte. Kad\u0131nlar\u0131n i\u015fg\u00fcc\u00fcne kat\u0131l\u0131m&nbsp;verilerindeki e\u015fitsizlikleri koleksiyonuna konu eden LC Waikiki, tasar\u0131mlar\u0131ndaki&nbsp;renk ve&nbsp;desenleri bu oranlara g\u00f6re&nbsp;\u015fekillendirdi. Daha adil bir d\u00fcnya ve s\u00fcrd\u00fcr\u00fclebilir  kalk\u0131nma  i\u00e7in “Tarz\u0131m\u0131z E\u015fitlik ” diyen LC Waikiki, bu proje kapsam\u0131nda KAG\u0130DER ’in&nbsp;(T\u00fcrkiye Kad\u0131n Giri\u015fimciler Derne\u011fi ) Gen\u00e7 Kad\u0131nlara&nbsp;Mentorluk&nbsp;Program\u0131n\u0131 da destekleyecek. ","protected":false},"author":1,"featured_media":0,"parent":150,"menu_order":0,"comment_status":"open","ping_status":"closed","template":"","meta":{"_links_to":"https:\/\/www.kadindostumarkalar.org\/yazilar\/tekstil\/lc-waikikiden-esitsizlik-koleksiyonu","_links_to_target":"https:\/\/www.kadindostumarkalar.org\/yazilar\/tekstil\/lc-waikikiden-esitsizlik-koleksiyonu"},"_links":{"self":[{"href":"https:\/\/www.kadindostumarkalar.org\/yazilar\/tekstil\/lc-waikikiden-esitsizlik-koleksiyonu"}],"collection":[{"href":"urlver"}],"about":[{"href":""}],"author":[{"embeddable":true,"href":"https:\/\/www.kadindostumarkalar.org\/yazilar\/tekstil\/lc-waikikiden-esitsizlik-koleksiyonu"}],"replies":[{"embeddable":true,"href":"https:\/\/www.kadindostumarkalar.org\/yazilar\/tekstil\/lc-waikikiden-esitsizlik-koleksiyonu"}],"version-history":[{"count":1000,"href":"https:\/\/www.kadindostumarkalar.org\/yazilar\/tekstil\/lc-waikikiden-esitsizlik-koleksiyonu"}],"predecessor-version":[{"id":150,"href":"https:\/\/www.kadindostumarkalar.org\/yazilar\/tekstil\/lc-waikikiden-esitsizlik-koleksiyonu"}],"up":[{"embeddable":true,"href":"https:\/\/www.kadindostumarkalar.org\/yazilar\/tekstil\/lc-waikikiden-esitsizlik-koleksiyonu"}],"wp:attachment":[{"href":"https:\/\/www.kadindostumarkalar.org\/img\/blog\/lc-waikikiden-esitsizlik-koleksiyonu-0-66117.jpg"}],"curies":[{"name":".Net","href":"https:\/\/api.w.org\/{rel}","templated":true}]}}

LC WAIKIKI’DEN “EŞİTSİZLİK KOLEKSİYONU”

Türkiye’nin kadın dostu şirketler sıralamasının ön sıralarında yer alan markalardan LC Waikiki, 8 Mart Dünya Kadınlar Günü’nde kadınların iş hayatında yaşadığı fırsat eşitsizliklerine dikkat çekmek amacıyla, ‘Eşitsizlik Koleksiyonu’nu hazırladı.&nbsp; İş hayatındaki ve yönetim kademesindeki kadın oranı gibi verileri tasarımlarına taşıyan LC Waikiki, #TarzımızEşitlik diyor.  Faaliyet gösterdiği 53 ülkede“fırsat eşitliği ” ilkesiyle hareket eden ve %59 kadın çalışan,  %44 kadın yönetici  oranına sahipLC Waikiki , kadınların iş dünyasında karşılarına çıkan eşitsizliklere dikkat çekmek için bir koleksiyon hazırladı. Türkiye’de toplam nüfusun yarısı kadınlardan oluşurken, yapılan araştırmalar sonucunda, kadınların iş gücüne katılım oranının sadece %34, kadın yönetici  oranın ise ne yazık ki %18 olduğu görülmekte. Kadınların işgücüne katılım&nbsp;verilerindeki eşitsizlikleri koleksiyonuna konu eden LC Waikiki, tasarımlarındaki&nbsp;renk ve&nbsp;desenleri bu oranlara göre&nbsp;şekillendirdi. Daha adil bir dünya ve sürdürülebilir  kalkınma  için “Tarzımız Eşitlik ” diyen LC Waikiki, bu proje kapsamında KAGİDER ’in&nbsp;(Türkiye Kadın Girişimciler Derneği ) Genç Kadınlara&nbsp;Mentorluk&nbsp;Programını da destekleyecek.
