{"id":248,"date":"2021-05-09T00:00:00","date_gmt":"2021-05-09T00:00:00","guid":{"rendered":"https:\/\/www.kadindostumarkalar.org\/yazilar\/kadin-dostu-markalar-tv\/shell-turkiye-shellde-kadin-enerjisi-projesiyle-kadin-dostu-markalar-2021-farkindalik-odulunun-sahibi-oldu"},"modified":"2022-06-02T04:06:37","modified_gmt":"2022-06-02T04:06:37","slug":"shell-turkiye-shellde-kadin-enerjisi-projesiyle-kadin-dostu-markalar-2021-farkindalik-odulunun-sahibi-oldu","status":"publish","type":"page","link":"","title":{"rendered":"SHELL T\u00dcRK\u0130YE “SHELL’DE KADIN ENERJ\u0130S\u0130” PROJES\u0130YLE KADIN DOSTU MARKALAR 2021 FARKINDALIK \u00d6D\u00dcL\u00dcN\u00dcN SAH\u0130B\u0130 OLDU"},"content":{"rendered":"Shell T\u00fcrkiye,  kad\u0131n istihdam\u0131 na destek sa\u011flamak amac\u0131yla hayata ge\u00e7irdi\u011fi “Shell’de Kad\u0131n Enerjisi ” projesiyle Kad\u0131n Dostu Markalar  2021 Fark\u0131ndal\u0131k  \u00d6d\u00fcl\u00fc&#8217;n\u00fcn sahibi oldu. \u00d6d\u00fcl\u00fc almak \u00fczere t\u00f6rene kat\u0131lan Shell T\u00fcrkiye  Kurumsal \u0130leti\u015fim Direkt\u00f6r\u00fc ve \u0130cra  Kurulu \u00dcyesi Sn. Meltem Okyar Perdeci,  y apt\u0131\u011f\u0131 konu\u015fmada, Shell &#8216;in DNA&#8217;s\u0131nda \u00e7e\u015fitlilik ve kapsay\u0131c\u0131l\u0131k oldu\u011fundan ve her ne kadar akaryak\u0131t  sekt\u00f6r\u00fcn\u00fcn erkek egemen bir sekt\u00f6r oldu\u011fu bilinse de bu projedeki \u00e7\u0131k\u0131\u015f\u0131n &#8220;mesle\u011fin kad\u0131n\u0131 erke\u011fi olmaz&#8221; fikrinden do\u011fdu\u011funu anlatt\u0131. ","protected":false},"author":1,"featured_media":0,"parent":248,"menu_order":0,"comment_status":"open","ping_status":"closed","template":"","meta":{"_links_to":"https:\/\/www.kadindostumarkalar.org\/yazilar\/kadin-dostu-markalar-tv\/shell-turkiye-shellde-kadin-enerjisi-projesiyle-kadin-dostu-markalar-2021-farkindalik-odulunun-sahibi-oldu","_links_to_target":"https:\/\/www.kadindostumarkalar.org\/yazilar\/kadin-dostu-markalar-tv\/shell-turkiye-shellde-kadin-enerjisi-projesiyle-kadin-dostu-markalar-2021-farkindalik-odulunun-sahibi-oldu"},"_links":{"self":[{"href":"https:\/\/www.kadindostumarkalar.org\/yazilar\/kadin-dostu-markalar-tv\/shell-turkiye-shellde-kadin-enerjisi-projesiyle-kadin-dostu-markalar-2021-farkindalik-odulunun-sahibi-oldu"}],"collection":[{"href":"urlver"}],"about":[{"href":""}],"author":[{"embeddable":true,"href":"https:\/\/www.kadindostumarkalar.org\/yazilar\/kadin-dostu-markalar-tv\/shell-turkiye-shellde-kadin-enerjisi-projesiyle-kadin-dostu-markalar-2021-farkindalik-odulunun-sahibi-oldu"}],"replies":[{"embeddable":true,"href":"https:\/\/www.kadindostumarkalar.org\/yazilar\/kadin-dostu-markalar-tv\/shell-turkiye-shellde-kadin-enerjisi-projesiyle-kadin-dostu-markalar-2021-farkindalik-odulunun-sahibi-oldu"}],"version-history":[{"count":1007,"href":"https:\/\/www.kadindostumarkalar.org\/yazilar\/kadin-dostu-markalar-tv\/shell-turkiye-shellde-kadin-enerjisi-projesiyle-kadin-dostu-markalar-2021-farkindalik-odulunun-sahibi-oldu"}],"predecessor-version":[{"id":248,"href":"https:\/\/www.kadindostumarkalar.org\/yazilar\/kadin-dostu-markalar-tv\/shell-turkiye-shellde-kadin-enerjisi-projesiyle-kadin-dostu-markalar-2021-farkindalik-odulunun-sahibi-oldu"}],"up":[{"embeddable":true,"href":"https:\/\/www.kadindostumarkalar.org\/yazilar\/kadin-dostu-markalar-tv\/shell-turkiye-shellde-kadin-enerjisi-projesiyle-kadin-dostu-markalar-2021-farkindalik-odulunun-sahibi-oldu"}],"wp:attachment":[{"href":"https:\/\/www.kadindostumarkalar.org\/img\/blog\/ekran-alintisi-shell.png"}],"curies":[{"name":".Net","href":"https:\/\/api.w.org\/{rel}","templated":true}]}}

SHELL TÜRKİYE “SHELL’DE KADIN ENERJİSİ” PROJESİYLE KADIN DOSTU MARKALAR 2021 FARKINDALIK ÖDÜLÜNÜN SAHİBİ OLDU

Shell Türkiye,  kadın istihdamı na destek sağlamak amacıyla hayata geçirdiği “Shell’de Kadın Enerjisi ” projesiyle Kadın Dostu Markalar  2021 Farkındalık  Ödülü&#8217;nün sahibi oldu. Ödülü almak üzere törene katılan Shell Türkiye  Kurumsal İletişim Direktörü ve İcra  Kurulu Üyesi Sn. Meltem Okyar Perdeci,  y aptığı konuşmada, Shell &#8216;in DNA&#8217;sında çeşitlilik ve kapsayıcılık olduğundan ve her ne kadar akaryakıt  sektörünün erkek egemen bir sektör olduğu bilinse de bu projedeki çıkışın &#8220;mesleğin kadını erkeği olmaz&#8221; fikrinden doğduğunu anlattı.
