{"id":249,"date":"2021-05-09T00:00:00","date_gmt":"2021-05-09T00:00:00","guid":{"rendered":"https:\/\/www.kadindostumarkalar.org\/yazilar\/kadin-dostu-markalar-tv\/sutas-buzu-projesiyle-kadin-dostu-markalar-2021-farkindalik-odulunun-sahibi-oldu"},"modified":"2022-06-02T04:06:55","modified_gmt":"2022-06-02T04:06:55","slug":"sutas-buzu-projesiyle-kadin-dostu-markalar-2021-farkindalik-odulunun-sahibi-oldu","status":"publish","type":"page","link":"","title":{"rendered":"S\u00dcTA\u015e “BUZU” PROJES\u0130YLE KADIN DOSTU MARKALAR 2021 FARKINDALIK \u00d6D\u00dcL\u00dcN\u00dcN SAH\u0130B\u0130 OLDU"},"content":{"rendered":"S\u00fcta\u015f,  kad\u0131n istihdam\u0131 na destek sa\u011flamak amac\u0131yla hayata ge\u00e7irdi\u011fi “Buzu ” projesiyle Kad\u0131n Dostu Markalar  2021 Fark\u0131ndal\u0131k  \u00d6d\u00fcl\u00fc&#8217;n\u00fcn sahibi oldu. \u00d6d\u00fcl\u00fc almak \u00fczere t\u00f6rene kat\u0131lan S\u00fcta\u015f Grubu  Kurumsal \u0130leti\u015fim Direkt\u00f6r\u00fc Sn.Eylem Karaka\u015f Soyluo\u011flu,  y apt\u0131\u011f\u0131 konu\u015fmada, markan\u0131n 45.y\u0131l reklam kahraman\u0131 olan Buzu&#8217;yu  81 ilden ekonomik alana aktif kat\u0131l\u0131m\u0131 olmayan 2045 kad\u0131n\u0131n \u00f6rmesiyle anlaml\u0131 bir projeye d\u00f6n\u00fc\u015ft\u00fc\u011f\u00fcnden bahsetti. Ayr\u0131ca S\u00fcta\u015f&#8217;\u0131n emek\u00e7ileri olan \u00e7ift\u00e7i kad\u0131nlar \u0131n varl\u0131\u011f\u0131ndan duyduklar\u0131 memnuniyeti de dile getirdi. ","protected":false},"author":1,"featured_media":0,"parent":249,"menu_order":0,"comment_status":"open","ping_status":"closed","template":"","meta":{"_links_to":"https:\/\/www.kadindostumarkalar.org\/yazilar\/kadin-dostu-markalar-tv\/sutas-buzu-projesiyle-kadin-dostu-markalar-2021-farkindalik-odulunun-sahibi-oldu","_links_to_target":"https:\/\/www.kadindostumarkalar.org\/yazilar\/kadin-dostu-markalar-tv\/sutas-buzu-projesiyle-kadin-dostu-markalar-2021-farkindalik-odulunun-sahibi-oldu"},"_links":{"self":[{"href":"https:\/\/www.kadindostumarkalar.org\/yazilar\/kadin-dostu-markalar-tv\/sutas-buzu-projesiyle-kadin-dostu-markalar-2021-farkindalik-odulunun-sahibi-oldu"}],"collection":[{"href":"urlver"}],"about":[{"href":""}],"author":[{"embeddable":true,"href":"https:\/\/www.kadindostumarkalar.org\/yazilar\/kadin-dostu-markalar-tv\/sutas-buzu-projesiyle-kadin-dostu-markalar-2021-farkindalik-odulunun-sahibi-oldu"}],"replies":[{"embeddable":true,"href":"https:\/\/www.kadindostumarkalar.org\/yazilar\/kadin-dostu-markalar-tv\/sutas-buzu-projesiyle-kadin-dostu-markalar-2021-farkindalik-odulunun-sahibi-oldu"}],"version-history":[{"count":1483,"href":"https:\/\/www.kadindostumarkalar.org\/yazilar\/kadin-dostu-markalar-tv\/sutas-buzu-projesiyle-kadin-dostu-markalar-2021-farkindalik-odulunun-sahibi-oldu"}],"predecessor-version":[{"id":249,"href":"https:\/\/www.kadindostumarkalar.org\/yazilar\/kadin-dostu-markalar-tv\/sutas-buzu-projesiyle-kadin-dostu-markalar-2021-farkindalik-odulunun-sahibi-oldu"}],"up":[{"embeddable":true,"href":"https:\/\/www.kadindostumarkalar.org\/yazilar\/kadin-dostu-markalar-tv\/sutas-buzu-projesiyle-kadin-dostu-markalar-2021-farkindalik-odulunun-sahibi-oldu"}],"wp:attachment":[{"href":"https:\/\/www.kadindostumarkalar.org\/img\/blog\/ekran-alintisi-sutas.png"}],"curies":[{"name":".Net","href":"https:\/\/api.w.org\/{rel}","templated":true}]}}

SÜTAŞ “BUZU” PROJESİYLE KADIN DOSTU MARKALAR 2021 FARKINDALIK ÖDÜLÜNÜN SAHİBİ OLDU

Sütaş,  kadın istihdamı na destek sağlamak amacıyla hayata geçirdiği “Buzu ” projesiyle Kadın Dostu Markalar  2021 Farkındalık  Ödülü&#8217;nün sahibi oldu. Ödülü almak üzere törene katılan Sütaş Grubu  Kurumsal İletişim Direktörü Sn.Eylem Karakaş Soyluoğlu,  y aptığı konuşmada, markanın 45.yıl reklam kahramanı olan Buzu&#8217;yu  81 ilden ekonomik alana aktif katılımı olmayan 2045 kadının örmesiyle anlamlı bir projeye dönüştüğünden bahsetti. Ayrıca Sütaş&#8217;ın emekçileri olan çiftçi kadınlar ın varlığından duydukları memnuniyeti de dile getirdi.
