{"id":230,"date":"2021-05-08T00:00:00","date_gmt":"2021-05-08T00:00:00","guid":{"rendered":"https:\/\/www.kadindostumarkalar.org\/yazilar\/kadin-dostu-markalar-tv\/defacto-mutlu-kadin-hareketi-ve-kumastan-hayaller-projeleriyle-kadin-dostu-markalar-2021-farkindalik-odulunun-sahibi-oldu"},"modified":"2022-06-02T03:57:06","modified_gmt":"2022-06-02T03:57:06","slug":"defacto-mutlu-kadin-hareketi-ve-kumastan-hayaller-projeleriyle-kadin-dostu-markalar-2021-farkindalik-odulunun-sahibi-oldu","status":"publish","type":"page","link":"","title":{"rendered":"DEFACTO “MUTLU KADIN HAREKET\u0130” ve &#8220;KUMA\u015eTAN HAYALLER&#8221; PROJELER\u0130YLE KADIN DOSTU MARKALAR 2021 FARKINDALIK \u00d6D\u00dcL\u00dcN\u00dcN SAH\u0130B\u0130 OLDU"},"content":{"rendered":"DeFacto , kad\u0131nl ar\u0131n mesleki geli\u015fimlerine katk\u0131 sunmaktan, i\u015f ve \u00f6ze hayat dengesini rahatl\u0131kla kurup koruyabilecekleri bir\u00e7ok uygulamay\u0131 kapsayan &#8220;Mutlu Kad\u0131n Hareketi&#8221;  ve &#8220;Kuma\u015ftan Hayaller&#8221;  projeleriyle Kad\u0131n Dostu Markalar  2021 Fark\u0131ndal\u0131k  \u00d6d\u00fcl\u00fc&#8217;n\u00fcn sahibi oldu. \u00d6d\u00fcl\u00fc almak \u00fczere t\u00f6rene kat\u0131lan DeFacto  \u0130nsan Kaynaklar\u0131 Direkt\u00f6r\u00fc Sn. Ye\u015fim \u00c7okeker  konu\u015fmas\u0131nda, markalar\u0131n\u0131n kad\u0131n istihdam\u0131, kad\u0131n \u00e7al\u0131\u015fan \u0131n mutlulu\u011fu gibi konulara de\u011findi. Ayn\u0131 zamanda &#8220;Mutlu Kad\u0131n Hareketi&#8221; projesinin, amac\u0131 k\u0131z \u00e7ocuklar\u0131n\u0131n geli\u015fimine ve f\u0131rsat e\u015fitli\u011fine odaklanmak olan &#8220;Kuma\u015ftan Hayaller &#8221; isimli \u00e7ok anlaml\u0131 bir projeyi de do\u011furdu\u011fundan bahsetti. Toplumsal kalk\u0131nma i\u00e7in kad\u0131n\u0131n i\u015f hayat\u0131nda aktif rol \u00fcstlenmesinin ve e\u011fitimde f\u0131rsat e\u015fitli\u011fi nin gereklili\u011finden s\u00f6z etti. ","protected":false},"author":1,"featured_media":0,"parent":230,"menu_order":0,"comment_status":"open","ping_status":"closed","template":"","meta":{"_links_to":"https:\/\/www.kadindostumarkalar.org\/yazilar\/kadin-dostu-markalar-tv\/defacto-mutlu-kadin-hareketi-ve-kumastan-hayaller-projeleriyle-kadin-dostu-markalar-2021-farkindalik-odulunun-sahibi-oldu","_links_to_target":"https:\/\/www.kadindostumarkalar.org\/yazilar\/kadin-dostu-markalar-tv\/defacto-mutlu-kadin-hareketi-ve-kumastan-hayaller-projeleriyle-kadin-dostu-markalar-2021-farkindalik-odulunun-sahibi-oldu"},"_links":{"self":[{"href":"https:\/\/www.kadindostumarkalar.org\/yazilar\/kadin-dostu-markalar-tv\/defacto-mutlu-kadin-hareketi-ve-kumastan-hayaller-projeleriyle-kadin-dostu-markalar-2021-farkindalik-odulunun-sahibi-oldu"}],"collection":[{"href":"urlver"}],"about":[{"href":""}],"author":[{"embeddable":true,"href":"https:\/\/www.kadindostumarkalar.org\/yazilar\/kadin-dostu-markalar-tv\/defacto-mutlu-kadin-hareketi-ve-kumastan-hayaller-projeleriyle-kadin-dostu-markalar-2021-farkindalik-odulunun-sahibi-oldu"}],"replies":[{"embeddable":true,"href":"https:\/\/www.kadindostumarkalar.org\/yazilar\/kadin-dostu-markalar-tv\/defacto-mutlu-kadin-hareketi-ve-kumastan-hayaller-projeleriyle-kadin-dostu-markalar-2021-farkindalik-odulunun-sahibi-oldu"}],"version-history":[{"count":1017,"href":"https:\/\/www.kadindostumarkalar.org\/yazilar\/kadin-dostu-markalar-tv\/defacto-mutlu-kadin-hareketi-ve-kumastan-hayaller-projeleriyle-kadin-dostu-markalar-2021-farkindalik-odulunun-sahibi-oldu"}],"predecessor-version":[{"id":230,"href":"https:\/\/www.kadindostumarkalar.org\/yazilar\/kadin-dostu-markalar-tv\/defacto-mutlu-kadin-hareketi-ve-kumastan-hayaller-projeleriyle-kadin-dostu-markalar-2021-farkindalik-odulunun-sahibi-oldu"}],"up":[{"embeddable":true,"href":"https:\/\/www.kadindostumarkalar.org\/yazilar\/kadin-dostu-markalar-tv\/defacto-mutlu-kadin-hareketi-ve-kumastan-hayaller-projeleriyle-kadin-dostu-markalar-2021-farkindalik-odulunun-sahibi-oldu"}],"wp:attachment":[{"href":"https:\/\/www.kadindostumarkalar.org\/img\/blog\/ekran-alintisi-defacto.png"}],"curies":[{"name":".Net","href":"https:\/\/api.w.org\/{rel}","templated":true}]}}

DEFACTO “MUTLU KADIN HAREKETİ” ve &#8220;KUMAŞTAN HAYALLER&#8221; PROJELERİYLE KADIN DOSTU MARKALAR 2021 FARKINDALIK ÖDÜLÜNÜN SAHİBİ OLDU

DeFacto , kadınl arın mesleki gelişimlerine katkı sunmaktan, iş ve öze hayat dengesini rahatlıkla kurup koruyabilecekleri birçok uygulamayı kapsayan &#8220;Mutlu Kadın Hareketi&#8221;  ve &#8220;Kumaştan Hayaller&#8221;  projeleriyle Kadın Dostu Markalar  2021 Farkındalık  Ödülü&#8217;nün sahibi oldu. Ödülü almak üzere törene katılan DeFacto  İnsan Kaynakları Direktörü Sn. Yeşim Çokeker  konuşmasında, markalarının kadın istihdamı, kadın çalışan ın mutluluğu gibi konulara değindi. Aynı zamanda &#8220;Mutlu Kadın Hareketi&#8221; projesinin, amacı kız çocuklarının gelişimine ve fırsat eşitliğine odaklanmak olan &#8220;Kumaştan Hayaller &#8221; isimli çok anlamlı bir projeyi de doğurduğundan bahsetti. Toplumsal kalkınma için kadının iş hayatında aktif rol üstlenmesinin ve eğitimde fırsat eşitliği nin gerekliliğinden söz etti.
